{"id":61,"date":"2020-01-23T18:21:52","date_gmt":"2020-01-23T18:21:52","guid":{"rendered":"https:\/\/demosites.io\/web-agency-gb\/?page_id=61"},"modified":"2023-09-12T17:25:28","modified_gmt":"2023-09-12T15:25:28","slug":"15c42-web-agency-gb-about-us","status":"publish","type":"page","link":"https:\/\/www.boramex.pl\/?page_id=61","title":{"rendered":"O firmie"},"content":{"rendered":"\n<div class=\"wp-block-cover alignfull\" style=\"min-height:100px;aspect-ratio:unset;\"><span aria-hidden=\"true\" class=\"wp-block-cover__background has-nv-site-bg-background-color has-background-dim-100 has-background-dim\"><\/span><div class=\"wp-block-cover__inner-container is-layout-flow wp-block-cover-is-layout-flow\">\n<div class=\"wp-block-group\"><div class=\"wp-block-group__inner-container is-layout-flow wp-block-group-is-layout-flow\">\n<h1 class=\"wp-block-heading has-text-align-left has-neve-text-color-color has-text-color\">O firmie<\/h1>\n<\/div><\/div>\n<\/div><\/div>\n\n\n\n<div class=\"wp-block-cover alignfull\" style=\"min-height:600px;aspect-ratio:unset;\"><span aria-hidden=\"true\" class=\"wp-block-cover__background has-nv-light-bg-background-color has-background-dim-100 has-background-dim\"><\/span><div class=\"wp-block-cover__inner-container is-layout-flow wp-block-cover-is-layout-flow\">\n<div class=\"wp-block-group\"><div class=\"wp-block-group__inner-container is-layout-flow wp-block-group-is-layout-flow\">\n<div style=\"height:20px\" aria-hidden=\"true\" class=\"wp-block-spacer\"><\/div>\n\n\n\n<div class=\"wp-block-columns are-vertically-aligned-center is-layout-flex wp-container-core-columns-is-layout-1 wp-block-columns-is-layout-flex\">\n<div class=\"wp-block-column is-vertically-aligned-center is-layout-flow wp-block-column-is-layout-flow\" style=\"flex-basis:50%\">\n<figure class=\"wp-block-image size-full\"><img loading=\"lazy\" decoding=\"async\" width=\"800\" height=\"378\" src=\"http:\/\/www.boramex.pl\/wp-content\/uploads\/2022\/09\/wjazd.jpg\" alt=\"\" class=\"wp-image-376\" srcset=\"https:\/\/www.boramex.pl\/wp-content\/uploads\/2022\/09\/wjazd.jpg 800w, https:\/\/www.boramex.pl\/wp-content\/uploads\/2022\/09\/wjazd-300x142.jpg 300w, https:\/\/www.boramex.pl\/wp-content\/uploads\/2022\/09\/wjazd-768x363.jpg 768w\" sizes=\"(max-width: 800px) 100vw, 800px\" \/><\/figure>\n<\/div>\n\n\n\n<div class=\"wp-block-column is-vertically-aligned-center has-nv-dark-bg-color has-text-color is-layout-flow wp-block-column-is-layout-flow\" style=\"flex-basis:50%\">\n<h2 class=\"wp-block-heading has-neve-text-color-color has-text-color\"><\/h2>\n\n\n\n<p>Firma jest najbardziej profesjonalnym producentem, naturalnych Chrupek kukurydzianych w Polsce. Na rynku funkcjonujemy od 1982 roku.<br>Dzia\u0142alno\u015b\u0107 naszej firmy koncentruje si\u0119 wok\u00f3\u0142 produkcji i dystrybucji produkt\u00f3w z ziaren kukurydzy.<br>Nasz\u0105 misj\u0105 jest tworzenie stabilnej Polskiej Firmy, opartej na solidnych rodzinnych fundamentach, z kadr\u0105 o du\u017cym do\u015bwiadczeniu.<br>Jeste\u015bmy propagatorem zdrowej \u017cywno\u015bci. Dok\u0142adamy wszelkich stara\u0144, aby oferowane produkty zawiera\u0142y wy\u0142\u0105cznie najlepszej jako\u015bci \u2013 grys kukurydziany. Naturalny sk\u0142adnik nie modyfikowany genetycznie \u2013 FreeGMO kt\u00f3ry odpowiada najwy\u017cszym standardom jako\u015bci, ze szczeg\u00f3lnym uwzgl\u0119dnieniem jego bezpiecze\u0144stwa zdrowotnego. <br>Nie stosujemy \u017cadnych konserwant\u00f3w.<br>Ca\u0142a produkcja prowadzona jest zgodnie z wdro\u017conym od lat, systemem bezpiecze\u0144stwa \u017cywno\u015bci GMP\/GHP\/HACCP\/JFS.<br>Dok\u0142adamy wszelkich stara\u0144, aby zapewni\u0107 naszym klientom najwy\u017csz\u0105 jako\u015b\u0107 oferowanych produkt\u00f3w.<br>Produkowane produkty spe\u0142niaj\u0105 r\u00f3wnie\u017c wymagania dotycz\u0105ce Koszerno\u015bci.<br>Wszystkie produkty posiadaj\u0105 Certyfikat Przekre\u015blonego K\u0142osa jako produkty bezglutenowe.<\/p>\n\n\n\n<p>Zapraszamy do wsp\u00f3\u0142pracy!!<\/p>\n<\/div>\n<\/div>\n<\/div><\/div>\n<\/div><\/div>\n\n\n\n<div class=\"wp-block-cover alignfull\" style=\"min-height:420px;aspect-ratio:unset;\"><span aria-hidden=\"true\" class=\"wp-block-cover__background has-nv-site-bg-background-color has-background-dim-100 has-background-dim\"><\/span><div class=\"wp-block-cover__inner-container is-layout-flow wp-block-cover-is-layout-flow\">\n<div style=\"height:17px\" aria-hidden=\"true\" class=\"wp-block-spacer\"><\/div>\n\n\n\n<div class=\"wp-block-columns is-layout-flex wp-container-core-columns-is-layout-2 wp-block-columns-is-layout-flex\">\n<div class=\"wp-block-column ticss-4ce656f1 is-layout-flow wp-block-column-is-layout-flow\">\n<figure class=\"wp-block-image size-large icon-style is-style-rounded\"><img loading=\"lazy\" decoding=\"async\" width=\"72\" height=\"72\" src=\"http:\/\/www.boramex.pl\/wp-content\/uploads\/2020\/01\/neve-webdesign-GB-03.png\" alt=\"\" class=\"wp-image-20\"\/><\/figure>\n\n\n\n<p class=\"has-nv-dark-bg-color has-text-color\">\ufeffFirma mia\u0142a status Zak\u0142adu Pracy Chronionej od 1996r.<br>Zako\u0144czenie status Zak\u0142adu Pracy Chronionej Roku 1.01.2022<br>Zatrudniamy do 50 os\u00f3b, oko\u0142o 95% os\u00f3b z grup\u0105 inwalidzk\u0105.<\/p>\n\n\n\n<div style=\"height:20px\" aria-hidden=\"true\" class=\"wp-block-spacer\"><\/div>\n<\/div>\n\n\n\n<div class=\"wp-block-column ticss-f6fc7494 is-layout-flow wp-block-column-is-layout-flow\">\n<figure class=\"wp-block-image size-large icon-style is-style-rounded\"><img loading=\"lazy\" decoding=\"async\" width=\"72\" height=\"72\" src=\"http:\/\/www.boramex.pl\/wp-content\/uploads\/2020\/01\/neve-webdesign-GB-03.png\" alt=\"\" class=\"wp-image-20\"\/><\/figure>\n\n\n\n<p class=\"has-nv-dark-bg-color has-text-color\">Posiadamy hale produkcyjne i magazynowe.<br>Dystrybucja oparta na w\u0142asny transporcie, oraz na firmach zewn\u0119trznych.<\/p>\n\n\n\n<div style=\"height:20px\" aria-hidden=\"true\" class=\"wp-block-spacer\"><\/div>\n<\/div>\n\n\n\n<div class=\"wp-block-column ticss-a5b4df29 is-layout-flow wp-block-column-is-layout-flow\">\n<figure class=\"wp-block-image size-large icon-style is-style-rounded\"><img loading=\"lazy\" decoding=\"async\" width=\"72\" height=\"72\" src=\"http:\/\/www.boramex.pl\/wp-content\/uploads\/2020\/01\/neve-webdesign-GB-03.png\" alt=\"\" class=\"wp-image-20\"\/><\/figure>\n\n\n\n<p class=\"has-nv-dark-bg-color has-text-color\">W 100% Kapita\u0142 Polski.<br>Nowy PKWiU na Chrupki kukurydziane na rok 2011 : 10.61.33.0 oraz Nowa Stawka VAT 5%<\/p>\n\n\n\n<div style=\"height:20px\" aria-hidden=\"true\" class=\"wp-block-spacer\"><\/div>\n<\/div>\n<\/div>\n<\/div><\/div>\n\n\n\n<div class=\"wp-block-cover alignfull\" style=\"min-height:600px;aspect-ratio:unset;\"><span aria-hidden=\"true\" class=\"wp-block-cover__background has-nv-light-bg-background-color has-background-dim-100 has-background-dim\"><\/span><div class=\"wp-block-cover__inner-container is-layout-flow wp-block-cover-is-layout-flow\">\n<div class=\"wp-block-group\"><div class=\"wp-block-group__inner-container is-layout-flow wp-block-group-is-layout-flow\">\n<div style=\"height:30px\" aria-hidden=\"true\" class=\"wp-block-spacer\"><\/div>\n\n\n\n<div class=\"wp-block-columns are-vertically-aligned-center is-layout-flex wp-container-core-columns-is-layout-3 wp-block-columns-is-layout-flex\">\n<div class=\"wp-block-column is-vertically-aligned-center is-layout-flow wp-block-column-is-layout-flow\" style=\"flex-basis:50%\">\n<p class=\"has-nv-dark-bg-color has-text-color\">Firma BORAMEX niezmiennie dzia\u0142a od 1982 roku.<br>Od samego pocz\u0105tku g\u0142\u00f3wnym celem firmy by\u0142o dostarczenie klientom tradycyjnych chrupek kukurydzianych o naturalnym smaku i o najwy\u017cszej jako\u015bci.<br>To co jest najwa\u017cniejsze produkty naturalnie Zdrowe.<br>Firma zarejestrowana w 21.09.1982 i rozpocz\u0119\u0142a swoj\u0105 dzia\u0142alno\u015b\u0107 w Ole\u015bnicy.<br>Za\u0142o\u017cyciel Antoni Borowik z biegiem lat rozwija\u0142 dzia\u0142alno\u015b\u0107 .<br>Wszystkie produkt cieszy\u0142y si\u0119 uznaniem oraz mark\u0105.<br>Dzia\u0142alno\u015b\u0107 firmy od 1982 do roku 1992 prowadzona w Ole\u015bnicy ul. Boczna 14A<br>W 1992 zosta\u0142a zakupiona dzia\u0142ka i wybudowany Zak\u0142ad w miejscowo\u015bci Spalice 1b \/k Ole\u015bnicy<br>W 1994 roku zosta\u0142 dobudowany nowa cze\u015b\u0107 produkcjo- magazynowa.<br>W 1996 roku otrzymali\u015bmy status: Zak\u0142adu Pracy Chronionej.<br>W 2000 roku obie cz\u0119\u015bci zak\u0142adu zosta\u0142y po\u0142\u0105czone w jedn\u0105 ca\u0142o\u015b\u0107 .<br>W czerwcu 2007 adres firmy administracyjnie zosta\u0142 zmieniony na ul.Oliwkowa 6<br>W 2009 roku zosta\u0142 dobudowana kolejna cze\u015b\u0107 \u2013 Magazynowa.<br>W 2012 przebudowa infrastruktura maszynowa.<br>W 2017 Posiadamy Certyfikat Internationa Food Systems &#8211; IFS co roku odnawiany z Najwy\u017cszym wska\u017anikiem +- 94,8 %<br>W Zako\u0144czenie status Zak\u0142adu Pracy Chronionej Roku 1.01.2022<br>Od samego pocz\u0105tku firma ma charakter Rodzinny.<br>Motto Naszej firmy to : Produkcja z pasj\u0105 \u2013 dla przyjemno\u015bci chrupania.!!!<br>oraz niezmiennie Propagujemy produkcj\u0119 Naturalne produkty dla zdrowia klienta.<br>W najnowszej ods\u0142onie opakowanie Plecionka 70g, Kuku Kulki 40g, oraz Jeden kukurydziany Solony 20g , Fromage 20g a nawet Italiano 20g , Truskawka 20g, Pizza 20g   wiele innych produkt\u00f3w oraz produkt\u00f3w smakowych.<br>Specjalizujemy si\u0119 w produkcji chrupek kukurydzianych o niecodziennych kszta\u0142tach i profesjonalnych, atrakcyjnych dodatkach smakowych.<\/p>\n<\/div>\n\n\n\n<div class=\"wp-block-column is-vertically-aligned-center has-nv-dark-bg-color has-text-color is-layout-flow wp-block-column-is-layout-flow\" style=\"flex-basis:50%\">\n<h2 class=\"wp-block-heading has-neve-text-color-color has-text-color\"><\/h2>\n\n\n\n<figure class=\"wp-block-embed is-type-video is-provider-youtube wp-block-embed-youtube wp-embed-aspect-4-3 wp-has-aspect-ratio\"><div class=\"wp-block-embed__wrapper\">\n<div class=\"nv-iframe-embed\"><iframe loading=\"lazy\" title=\"Boramex Chrupki Kukurydziane 100 % BEZ GLUTENU\" width=\"1200\" height=\"900\" src=\"https:\/\/www.youtube.com\/embed\/FI_S8YOkKuw?feature=oembed\" frameborder=\"0\" allow=\"accelerometer; autoplay; clipboard-write; encrypted-media; gyroscope; picture-in-picture; web-share\" allowfullscreen><\/iframe><\/div>\n<\/div><\/figure>\n<\/div>\n<\/div>\n<\/div><\/div>\n<\/div><\/div>\n\n\n\n<figure class=\"wp-block-embed is-type-video is-provider-youtube wp-block-embed-youtube wp-embed-aspect-16-9 wp-has-aspect-ratio\"><div class=\"wp-block-embed__wrapper\">\n<div class=\"nv-iframe-embed\"><iframe loading=\"lazy\" title=\"Boramex Solone\/Salt 20g production line Pack\" width=\"1200\" height=\"675\" src=\"https:\/\/www.youtube.com\/embed\/ysdM60pCq70?feature=oembed\" frameborder=\"0\" allow=\"accelerometer; autoplay; clipboard-write; encrypted-media; gyroscope; picture-in-picture; web-share\" allowfullscreen><\/iframe><\/div>\n<\/div><\/figure>\n\n\n\n<figure class=\"wp-block-embed is-type-video is-provider-youtube wp-block-embed-youtube wp-embed-aspect-16-9 wp-has-aspect-ratio\"><div class=\"wp-block-embed__wrapper\">\n<div class=\"nv-iframe-embed\"><iframe loading=\"lazy\" title=\"Boramex Solone\/Salt 20g production line\" width=\"1200\" height=\"675\" src=\"https:\/\/www.youtube.com\/embed\/m6iT50ZDUfs?feature=oembed\" frameborder=\"0\" allow=\"accelerometer; autoplay; clipboard-write; encrypted-media; gyroscope; picture-in-picture; web-share\" allowfullscreen><\/iframe><\/div>\n<\/div><\/figure>\n\n\n\n<figure class=\"wp-block-embed is-type-video is-provider-youtube wp-block-embed-youtube wp-embed-aspect-16-9 wp-has-aspect-ratio\"><div class=\"wp-block-embed__wrapper\">\n<div class=\"nv-iframe-embed\"><iframe loading=\"lazy\" title=\"Boramex Solone 20g slide production\" width=\"1200\" height=\"675\" src=\"https:\/\/www.youtube.com\/embed\/hHyP8LAB1H8?feature=oembed\" frameborder=\"0\" allow=\"accelerometer; autoplay; clipboard-write; encrypted-media; gyroscope; picture-in-picture; web-share\" allowfullscreen><\/iframe><\/div>\n<\/div><\/figure>\n","protected":false},"excerpt":{"rendered":"","protected":false},"author":1,"featured_media":0,"parent":0,"menu_order":0,"comment_status":"closed","ping_status":"closed","template":"","meta":{"neve_meta_sidebar":"default","neve_meta_container":"default","neve_meta_enable_content_width":"on","neve_meta_content_width":100,"neve_meta_title_alignment":"","neve_meta_author_avatar":"","neve_post_elements_order":"","neve_meta_disable_header":"","neve_meta_disable_footer":"","neve_meta_disable_title":"on","_ti_tpc_template_sync":false,"_ti_tpc_template_id":"0qhau2t6eoekosrgo1a2","footnotes":""},"class_list":["post-61","page","type-page","status-publish","hentry"],"_links":{"self":[{"href":"https:\/\/www.boramex.pl\/index.php?rest_route=\/wp\/v2\/pages\/61"}],"collection":[{"href":"https:\/\/www.boramex.pl\/index.php?rest_route=\/wp\/v2\/pages"}],"about":[{"href":"https:\/\/www.boramex.pl\/index.php?rest_route=\/wp\/v2\/types\/page"}],"author":[{"embeddable":true,"href":"https:\/\/www.boramex.pl\/index.php?rest_route=\/wp\/v2\/users\/1"}],"replies":[{"embeddable":true,"href":"https:\/\/www.boramex.pl\/index.php?rest_route=%2Fwp%2Fv2%2Fcomments&post=61"}],"version-history":[{"count":15,"href":"https:\/\/www.boramex.pl\/index.php?rest_route=\/wp\/v2\/pages\/61\/revisions"}],"predecessor-version":[{"id":736,"href":"https:\/\/www.boramex.pl\/index.php?rest_route=\/wp\/v2\/pages\/61\/revisions\/736"}],"wp:attachment":[{"href":"https:\/\/www.boramex.pl\/index.php?rest_route=%2Fwp%2Fv2%2Fmedia&parent=61"}],"curies":[{"name":"wp","href":"https:\/\/api.w.org\/{rel}","templated":true}]}}